6 + 5*f**3/6 - f**2 - 22. Calculate i(4).
53
Let k(x) = -x**2 + 15*x - 8. Suppose -150 = -389*n + 379*n. Give k(n).
-8
Let k(v) = 9*v - 69. Suppose -1793*u + 1820*u = 216. Calculate k(u).
3
Let v = -383 - -365. Let s(b) = 2*b + 33. What is s(v)?
-3
Let z(m) = 2*m + 50632 - 50632. Give z(-3).
-6
Let b(l) be the second derivative of -l**4/12 + 2*l**3/3 - 5*l**2/2 + 2*l. Let h = -543 - -549. Give b(h).
-17
Let o(l) = l**2 - 4*l + 2. Let k be o(4). Suppose k - 12 = -5*y. Let h be (-1)/(1*(-1)/y). Let d(g) = -3*g**2 + g + 2. What is d(h)?
-8
Let d(a) = -a + 8. Let t be d(4). Suppose -t*i + 7 = 15. Let l(k) be the third derivative of -k**6/120 - k**5/15 - k**4/8 - k**3/6 - 5*k**2. Determine l(i).
-3
Let k(q) = 10 + 5*q + 16 + 7 + 4 - 29. Determine k(9).
53
Let y(t) be the first derivative of -1/60*t**5 + 0*t - 1/2*t**2 - 5/24*t**4 + 2 + 1/6*t**3. Let p(a) be the second derivative of y(a). Calculate p(-5).
1
Let n(o) be the second derivative of -o**3 - 73*o. Give n(1).
-6
Let i(y) = -y**2 + y - 29. Suppose 0 = 19*d - 14*d. Determine i(d).
-29
Let t(x) = -x**3 + 4*x**2 - 4*x. Let g(o) = o**3 - 4*o**2 - 4*o - 8. Let m be g(5). Let f be 4 + m/(-3) - 2. Calculate t(f).
-3
Suppose 16 = 2*j - 7*g + 6*g, 5*j + 4*g = 27. Let k(u) = 2*u + 6*u**2 - 7*u**2 - 4*u + j + u. Calculate k(-5).
-13
Let x(h) = 0*h - h + 2 - 4. Let j(l) = -5*l**2 + 104*l + 13. Let m be j(21). What is x(m)?
6
Suppose 2*u + 0*q = -q + 5, -2*u = 2*q - 8. Let l(n) = -15*n + 2. Calculate l(u).
-13
Let r(s) be the third derivative of -s**4/8 + s**3/2 + 24*s**2. Let h = 18 - 15. Give r(h).
-6
Let v(c) = -c**3 - 8*c**2 - 8*c - 8. Let m = -866 - -859. Determine v(m).
-1
Let a = 9 - 6. Suppose 2*n + 2*n - a*o - 15 = 0, 25 = n - 5*o. Let d(m) = m + 5. Determine d(n).
5
Suppose -6 = -5*u + 4. Suppose 2*y - 4*i - 45 = -3*i, -2*i = u*y - 54. Suppose y = 5*d + 9. Let h(o) = 2*o + 4. What is h(d)?
10
Let f(q) = -q**3 + 4*q**2 + 7*q - 1. Suppose 0 = 3*t - 4*t + 1. Let k be -2*t*20/(-8). Give f(k).
9
Let o(y) = y**3 - 11*y + 2 - 3*y**2 + 16*y - 8*y - 4*y. Calculate o(5).
17
Let q = -21 + -43. Let m = 65 + q. Let n(s) = 4*s**2 - s + 1. Calculate n(m).
4
Let o = 736 - 731. Let x(t) be the first derivative of 1/3*t**3 + 2*t - 3/2*t**2 + o. Determine x(3).
2
Let s(g) = 7*g**2 - 5*g - 3. Let r(n) = 11*n**2 - 7*n - 4. Let p(k) = -5*r(k) + 8*s(k). Let q = 0 + 20. Suppose -v = -5*v + q. Calculate p(v).
-4
Let a(y) = -y**2 - 5*y - 2. Let n be (-1)/(-2 + 45/23). Suppose 5*j - n = 12. Suppose 4*t + 3*o = -9, -3*t - 5*o + j = -0*t. Give a(t).
-8
Let q(x) = x**3 + x**2 + 3*x - 7. Let k be 10 - 5 - (-4 + 9). Calculate q(k).
-7
Let i(d) = d**2 + 4*d - 9. Let l(t) = -2*t**2 - 7*t + 19. Let u(s) = 7*i(s) + 4*l(s). What is u(-4)?
-3
Suppose 4*d - 3*h - 47 = 0, 2*h - 2 + 4 = -d. Let u be 11*-3*d/12. Let y be u/(-99) - (-43)/9. Let w(t) = -t**2 + 6*t - 4. What is w(y)?
1
Let w(c) = 2*c - 9. Let o(s) = 0*s - s + 2*s + 0*s - 9. Let r(q) = 4*o(q) - 3*w(q). Give r(-8).
7
Let w(y) = -2*y - 3. Let k = 43 - 23. Suppose 0 = 104*h - 99*h + k. Calculate w(h).
5
Let t(d) = 2*d**2 - 3. Let n(o) = 5*o**2 - o - 10. Suppose 5*k = -5, -6*k + 8 = -4*m - 2*k. Let r(v) = m*n(v) + 8*t(v). What is r(-4)?
10
Let s(m) = -m**3 + 2*m**2 + 2*m + 2. Let a = -21 - -23. Let c be a/(-9) - 348/(-108). Suppose -n - 6 = -c*n. Calculate s(n).
-1
Let s(i) = i**2 - i - 4. Let w(v) = 6*v**2 - 4*v. Let r be w(2). Let u be (-4)/r - 11/4. Determine s(u).
8
Let d(z) be the first derivative of -5/3*z**3 - 2 + 3/2*z**2 + 1/4*z**4 + 0*z. Let f = -5 + 7. Calculate d(f).
-6
Suppose -2*i = 4*z - 26, -5 = -3*z + 10. Let p(r) = -3*r**3 + 5*r**2 - 4*r + 3. Calculate p(i).
-45
Let u(p) = -p**3 - 5*p**2 - p + 1. Let i(a) = -a**3 + 6*a**2 + a - 3. Let m be i(6). Suppose 25 = -4*r + 5*b, -4*r - r - 28 = -m*b. Give u(r).
6
Suppose 5*i - 34 = -4*b, -5*b + 5*i - 4 = -24. Let j(l) = -14 - l**3 - l + 6*l**2 - 11 + 23. What is j(b)?
-8
Let z(b) = -2*b. Suppose -5*p - 4 = 4*y, 10*p - 4*y - 4 = 5*p. Calculate z(p).
0
Let l(z) be the second derivative of 3*z + z**2 + 0 - 1/6*z**3. Suppose -5*u + 4 = -4*u. Determine l(u).
-2
Let w(r) be the first derivative of -r**4/4 - 4*r**3/3 - 3*r**2/2 - 5*r - 5. Let u be w(-4). Let p(n) = -n**3 + 8*n**2 - 7*n - 1. Calculate p(u).
-1
Let k(r) be the second derivative of -r**6/180 + r**5/15 - r**4/8 - 7*r**3/6 + 14*r. Let x(n) be the second derivative of k(n). Determine x(5).
-13
Suppose -24 + 8 = 4*l. Let g(s) = -5*s**3 - 31*s**2 + 21. Let h(u) = -u**3 - 6*u**2 + 4. Let a(d) = -2*g(d) + 11*h(d). Give a(l).
2
Let y(c) be the second derivative of -c**5/20 + c**3/6 + 11*c**2 - c - 99. What is y(0)?
22
Let a(w) be the first derivative of -w**3/3 - 6*w + 176. What is a(0)?
-6
Let y(z) = -z**3 - 3*z**2 - z - 2. Let b be y(-3). Let c(w) = 6*w**3 - w**2 + 1. What is c(b)?
6
Let b(z) = z**3 + 4 + 5074*z**2 - 5084*z**2 + 0. Calculate b(10).
4
Let q(s) be the third derivative of s**4/24 + 4*s**3/3 - 3*s**2. Suppose 4*h - 4*u + 2*u + 34 = 0, -4*u = -4*h - 28. Give q(h).
-2
Let d(p) be the second derivative of -p**5/60 + 5*p**4/24 + 7*p**3/6 - 10*p. Let a(v) be the second derivative of d(v). What is a(-5)?
15
Let a(c) be the third derivative of -12*c**2 + 0*c + 0 + 1/6*c**3 + 0*c**4 - 1/60*c**5 + 1/12*c**6. Give a(1).
10
Let t(j) be the third derivative of -j**6/120 - j**5/60 - j**4/24 - j**3/3 + 904*j**2. What is t(2)?
-16
Let v(n) be the second derivative of -1/6*n**3 - 57*n - 1/12*n**4 + 0*n**2 + 0 - 1/20*n**5. Let h = -6 - -4. What is v(h)?
6
Suppose 16 = 28*p - 68. Let j(t) = -2*t - 10. Calculate j(p).
-16
Let k(h) be the first derivative of -h**2/2 - 2*h - 121. Suppose m - 6*m = -10. Give k(m).
-4
Suppose 0*c + 4*c - 120 = 0. Let m be (-42)/(-10) - 6/c. Let o(i) = -m + 3*i - 5 - 4*i. What is o(0)?
-9
Let m(p) = 2*p + 5. Let h = 48 - 40. Determine m(h).
21
Let j(m) be the second derivative of -m**6/144 + m**5/30 + m**4/12 + 3*m**3/2 - 4*m. Let r(y) be the third derivative of j(y). Determine r(4).
-16
Let w(s) = -2*s + 1. Let c(o) = -3*o. Let y(l) = 4*c(l) - 4*w(l). Determine y(-3).
8
Let b(h) = 7*h + 18. Let p(i) = 10*i + 15. Let s(a) = 29*a + 44. Let l(g) = -17*p(g) + 6*s(g). Let j = -7 + 12. Let z(y) = j*l(y) - 3*b(y). Determine z(-4).
-5
Let w be ((-2)/2)/((-2)/4). Suppose 0 = -2*j + 3*d + 12, w*j = -2*j + 2*d + 16. Let a(t) = -4 - 10*t + j*t + 1 + 8*t. Give a(-6).
-9
Let c = 1925 + -1919. Let g(j) = j**2 - 12. Determine g(c).
24
Let q = -180 - -180. Let r(m) = m**2 + m - 6. Calculate r(q).
-6
Let h(m) = 29*m - 11. Let u be h(5). Suppose -u = 5*q - 3*p, 3*p - 106 = 3*q + q. Let i = q + 35. Let c(a) = -a**3 + 8*a**2 - 7*a - 9. Give c(i).
-9
Let g(j) = 33*j**2 - 9*j - 64*j**2 - 14 + 32*j**2. Suppose -13*p + 125 = -18. Calculate g(p).
8
Let q = -22 - -32. Suppose 5*n + 30 = q, 4*k + 4*n = -24. Let b(r) = -3*r + 1. What is b(k)?
7
Suppose -n - n + 16 = 0. Let h(r) = -7*r - 3 + n - 6. What is h(-3)?
20
Let l(g) = 14*g + g**3 - 1803*g**2 - 6*g + 1794*g**2. Determine l(8).
0
Let g(t) = -t**2 + 7*t - 8. Let l(v) = -v**2 + 5*v. Let p be l(4). Suppose -28 - 4 = -p*r. Let a = -1 + r. Determine g(a).
-8
Let r(v) be the second derivative of v**4/3 + v**3/3 - v**2 - 32*v - 2. Determine r(-2).
10
Let q(n) = -2*n**3 + 2*n**2 - 1. Let g be q(-1). Let y = -187 - -196. Let x be (-6)/(-2) + y/g. Let m(h) = -h**2 + 7*h - 3. Give m(x).
3
Let v be -3*(-1 - 0/(-1)). Suppose 4*j = -5 + 25. Let r(z) = v - 4 + j + z. Determine r(-4).
0
Suppose 3*u = 2*r - 2, -2*u + 2*r - 6*r + 4 = 0. Let o = -356 + 358. Suppose g + o*g = u. Let n(j) = j**3 + j + 3. Calculate n(g).
3
Let i be (39/(-9)*-3)/(1*-1). Let h(l) = l + 14. Let d be h(i). Let b(w) = -6*w**2 - 2*w + 1. Calculate b(d).
-7
Suppose 4*t = 2*t + 5*z + 26, 0 = -3*t - 5*z - 11. Suppose -p - t = 2*p. Let r(f) = 19*f - 47*f + 23*f. Determine r(p).
5
Let q be ((-26)/(-117))/((-6)/9)*0. Let p(a) = a - 29. Give p(q).
-29
Let j = -639 - -643. Let d(n) be the first derivative of -2*n - 3 - 2/3*n**3 + 2*n**2 - 1/4*n**j. Determine d(2).
-10
Suppose 4*i + 12 = 0, 13*n + i = 16*n + 9. Let m(q) = -q**2 - 3*q + 2. Give m(n).
-2
Suppose 4*w - p + 20 = 0, w + 4*p + 5 = -0. Let z(m) = 2*m + 1. Determine z(w).
-9
Let a be (-37)/7 - 4/(-14). Let k(b) = -b**3 + b**2 - b + 1. Let h(c) = -3*c**3 - 3*c**2 - 3*c - 2. Let v = 50 - 52. Let z(w) = v*k(